/20 + c**5/60 + c**4/12 + c**3/6 - 6*c**2. Give s(-1).
6
Let h(r) = r**3 - 5*r**2 - 2*r + 7. Suppose s + 5 = -s + 3*u, -4*s = -3*u + 1. Suppose q + 25 = 3*v + s*v, 10 = 2*v + q. What is h(v)?
-3
Suppose 2*o + 0 = 4. Suppose 16 = o*h - l - 1, 43 = 3*h - 5*l. Let k(g) = 2*g - 8. Give k(h).
4
Let w(n) = n**3 - 2*n. Suppose r - 3*l - 8 = -l, -4*r - 2*l = -2. What is w(r)?
4
Let p(k) be the first derivative of k**2/2 - 3*k - 51. Let h be 1/(-2) - 105/6. Let i = 13 + h. Give p(i).
-8
Let r(v) = 13*v - 5. Let i(y) = -y + 1. Let g(j) = 6*i(j) + r(j). Determine g(-1).
-6
Let v(g) be the second derivative of g**4/12 - g**3/3 - g**2 - 8*g. Calculate v(-2).
6
Let u(m) = m**2 + 2*m - 7. Let w(a) = -a**2 - 3*a - 1. Let q be w(-3). Let p = q - 4. Determine u(p).
8
Suppose -46 = 5*c + t + t, 4*t = 3*c + 12. Let v(m) = m**2 + 9*m + 11. Let g be v(c). Let s(l) = -2*l - 2. Give s(g).
-8
Let a(n) = -n**3 + 5*n**2 - n - 4. Suppose -12*p = -6*p - 18. Determine a(p).
11
Let j(h) = h**3 - 7*h**2 - 8*h + 7. Suppose -6*u + 12*u = 48. Give j(u).
7
Suppose -4*g = y + g, -1 = g. Let u(m) = -4*m**2 - 3*m - 4 + 0*m**3 - 3*m + m**3. Give u(y).
-9
Let l(k) = k**3 - 9*k**2 - k + 14. Let g be l(9). Let c(q) be the second derivative of q**5/20 - 5*q**4/12 - q**3/6 + 3*q**2 - 4*q. What is c(g)?
1
Let t(f) be the third derivative of f**6/120 + f**5/6 + 11*f**4/24 + 7*f**3/6 + 19*f**2. What is t(-9)?
-11
Let m(d) be the third derivative of -d**4/12 - d**3/6 - 2*d**2. Determine m(3).
-7
Suppose 3*t + 3*o - 15 = 0, 2*o - 8 = -t - 0. Let p(s) = 2*s - 1 - 4*s**t + 3 + 0*s**2 - 3. Determine p(1).
-3
Let u(d) = -6*d**3 + 3*d**2 - 5*d - 3. Let y(o) = o**2 - o - 1. Let w be y(-2). Let v(c) = 5*c**3 - 3*c**2 + 4*c + 2. Let g(n) = w*v(n) + 4*u(n). What is g(3)?
-2
Suppose 5*y - 5*c + 66 = 186, 0 = -4*y - c + 71. Suppose 0 = 5*m + y + 11. Let f be m/(-2) + (-1)/(-1). Let z(o) = o**2 - 6*o + 6. What is z(f)?
-2
Suppose -2*i - 3 + 5 = 0. Let r(u) = -15*u. Let j(f) = -1394*f. Let v(b) = 2*j(b) - 187*r(b). Give v(i).
17
Let q(u) be the third derivative of -u**8/10080 + u**6/360 - u**5/60 - u**2. Let d(t) be the third derivative of q(t). Let p = 5 + -3. What is d(p)?
-6
Let p(l) = -l. Let x(m) = -2*m. Let a(z) = -5*p(z) + 2*x(z). What is a(-5)?
-5
Let v(l) be the second derivative of l**4/12 + l**2/2 - 4*l. Calculate v(0).
1
Let b(v) = -v**3 - 6*v**2 + 10*v + 7. Let u = 11 + -18. What is b(u)?
-14
Let k(n) = -2*n**2 - n + 1. Let x be 2 + (2 - 1 - 3). Let s be (-4 - -2)*(1 - x). What is k(s)?
-5
Suppose 0 = 5*m + 3*s - 6*s - 67, 4*m - 40 = -s. Let y(w) = -w**3 + 2 - 6*w**2 + 4*w**3 - 2*w**3 + 2*w - m. Determine y(6).
3
Let w(k) = -k + 8. Let f be (-50)/(-15) - (-4)/6. Let a be w(f). Let j(h) = -h**3 + 3*h**2 + 4*h - 3. Give j(a).
-3
Let m(i) = -i - 1. Let x(z) = -z**2 + 18*z + 19. Let f be x(19). Determine m(f).
-1
Let k(w) be the first derivative of w**2/2 + w + 10. Give k(2).
3
Let l(z) = z**2 + 7*z - 8. Let x = -63 + 56. Calculate l(x).
-8
Let s be (-10)/30 + 2/(-3). Let t(w) = 3*w**3 + w + 1. Give t(s).
-3
Suppose -5*f - 19 = 1. Let z(g) = -g**3 + 5*g**2 + 8*g - 9. Let t be z(6). Let k(j) = 5*j - 2*j + j - t*j. Calculate k(f).
-4
Let a(g) = 3*g - 4*g + 3*g. Let k(z) = -3*z**2 + 3*z. Let r(t) = t**2 - t. Let u(l) = -2*k(l) - 5*r(l). Let q(h) = a(h) + 3*u(h). What is q(1)?
2
Let i(u) = u**3 - 9*u**2 + 7*u + 11. Let w be i(8). Let n(h) = 6*h + h**w - 2*h**2 - 4*h**2 - 7*h + 8*h. Determine n(5).
10
Suppose -3*m + 4*m = 5*f + 20, 0 = -5*f - 2*m - 5. Let q(v) = v**2 + 5*v - 2. Give q(f).
-8
Let n be ((-1)/2)/(5/10). Let l(x) = 3*x**3 - 2*x**2 + 1. Determine l(n).
-4
Let q = 21/5 - 58/15. Let k(v) be the second derivative of -3*v + q*v**3 + 2*v**2 + 0. Determine k(3).
10
Let g(z) = -z**3 + 4*z**2 - 2*z + 5. Let m(b) = 6*b**2 - 3*b + 1. Let a be m(1). Determine g(a).
-3
Let m(p) = -p. Let y = 2 - 4. Determine m(y).
2
Let t(h) = 5*h**2 - 3*h - 5. Let g(u) = 3*u**2 - u - 3. Let y(z) = 7*g(z) - 4*t(z). Suppose -v = -0*v - 4, 0 = d + 4*v - 21. Suppose -l + 1 = d. Determine y(l).
-5
Suppose 0 = 3*x - 21. Let f(k) = -k**3 + 6*k**2 + 6*k + 1. Give f(x).
-6
Let o(l) = -41 + 9*l + 85 + l**2 - 37. What is o(-7)?
-7
Let j(q) = 6*q**2 + 3. Let o(k) = k**2 + 1. Let x(n) = j(n) - 2*o(n). Let u be 4/(-2 + 3) - 0. Suppose -5 = -9*w + u*w. Give x(w).
5
Let a(k) = -6*k**2 + 3*k + 18. Let m(r) = 7*r**2 - 2*r - 19. Let n(f) = -6*a(f) - 5*m(f). What is n(9)?
-4
Let o(k) be the first derivative of 2*k**3/3 + k**2 + k + 8. Let l = -6 - -4. Calculate o(l).
5
Suppose 2*m - 14 = -3*j, 3*j = -2*j - 3*m + 22. Let s(h) = -8 - h - 1 - j. Give s(0).
-11
Let q = -24 + 19. Let f(u) = -u**3 - 4*u**2 - u - 2. Give f(q).
28
Let v(f) be the first derivative of 2*f**2 - f + 5. Determine v(2).
7
Let i(w) be the second derivative of 0*w**3 - 1/60*w**5 + 1/4*w**4 + w**2 + 0 + 2*w. Let h(r) be the first derivative of i(r). Determine h(5).
5
Let x(w) be the second derivative of -5*w**4/12 + w**3/6 + 9*w. Suppose 0*b - 2 = -2*b. Calculate x(b).
-4
Let h be 3/((-5)/((-140)/12)). Let r(n) = n**2 - 9*n + 10. Calculate r(h).
-4
Let k(d) be the first derivative of -d**3/3 + 3*d**2 - 6*d + 1. Suppose 7 = b + 2. Suppose -b = 5*o - 6*o. What is k(o)?
-1
Let b(x) = -2*x**3 - 3*x**2 + 2. Suppose 3*t = -a + 7, -2*t + 1 + 1 = 2*a. What is b(a)?
6
Let g(d) = -3*d - 2. Let c = 1 - 1. Let p be c + -2 + (-2 - -1). Let w be 0 + 2/2*p. Calculate g(w).
7
Let a(o) = -o + 6. Let v(t) = -2*t + 13. Let h(j) = -5*a(j) + 2*v(j). What is h(-6)?
-10
Let y(v) be the third derivative of v**6/720 - 7*v**5/60 + v**4/3 - v**2. Let o(f) be the second derivative of y(f). What is o(6)?
-8
Let l(b) = -b + 2. Let x = -27 - -30. What is l(x)?
-1
Let j = 87 - 43. Let a be (j/(-2))/(-2) + 1. Let l be 28/a + 2/(-6). Let g(h) = -h**3 + h**2 - h + 2. Determine g(l).
-4
Let o be (4 + -1)*4/3. Let a(i) be the second derivative of 0 + i + 1/12*i**o - 1/6*i**3 + 3/2*i**2. Give a(0).
3
Let o = 19 - 10. Let l(h) = -h**2 + 9*h + 5. Let t be l(o). Let m(j) = -j - 6. Calculate m(t).
-11
Let m(t) = -t**2 + t + 6. Let g = 45 + -21. Suppose 2*v = -v + g. Suppose 2*k + 4 = v, 3*k = 3*l + 6. Determine m(l).
6
Let f(i) = i**2 + 7*i + 1. Let q = 8 - 6. Suppose h + 2*w + 8 = 0, -q*h + 5*h - 4*w = -14. Determine f(h).
-5
Let l(p) = p**3 + 4*p**2 + p - 2. Suppose 8*y - 4*y - 2*q + 26 = 0, 3*q = 2*y + 23. Determine l(y).
-6
Suppose 9 = -2*d + k, 4*k + 19 = -5*d + 2*d. Let w(t) = -2*t**2 - 7*t - 6. Determine w(d).
-21
Let y(w) = 3*w - 3 + 4 - 2*w. Let b be y(0). Let v(r) = 2*r**2 - 2*r + 1. Give v(b).
1
Suppose -o = 4*y + 1, 0 = -o - y + 5*y + 7. Suppose -5*l = 28 - o. Let q(b) = -b**3 - 4*b**2 + 6*b - 1. What is q(l)?
-6
Let t(g) = g**3 + g**2 - g - 2. Let j be (-4)/(-3)*6/(-4). Let h be t(j). Let m be (-11)/(-3) + h/6. Let x(c) = -c**3 + 2*c**2 + 4*c + 1. Determine x(m).
4
Let d(a) = 14*a**3 - 2*a**2 + 1. Let z be d(1). Let k = z + -8. Let b(f) = -f + 4. Calculate b(k).
-1
Let o(g) be the second derivative of 0 - 6*g + 1/2*g**2 + 1/6*g**3 + 1/2*g**4. What is o(-1)?
6
Let w(z) = -20*z - 9. Let j(o) = -7*o - 3. Let f(s) = 17*j(s) - 6*w(s). Determine f(-5).
-2
Suppose 2*c - 4*c + 6 = 0. Suppose 3*w = -4*b - 5, 4*b + 8*w = c*w + 5. Let r(q) = 1. Let y(s) = -2*s - 16. Let j(i) = -12*r(i) - y(i). Calculate j(b).
-6
Let t(z) = z**3 + 3*z**2 - 4*z - 5. Let f be 0/(-3) + (-10 - -6). Calculate t(f).
-5
Let i be 1/(2 + -1 - 2). Let f(z) = 4*z**3 + 5*z**2 - 4*z + 5. Let n(k) = k**3 - k**2 + k - 1. Let o(q) = -f(q) - 5*n(q). Give o(i).
10
Let l(b) = 7*b + b + 1 - 4*b - 3*b. Calculate l(4).
5
Let j(t) = -t + 4. Let q be ((-4)/(-5))/(4/(-30)). What is j(q)?
10
Suppose 5*w = 4*w - 2. Let t = w + 5. Let k(c) = -8*c + 9 + 7*c + 3 - 5. Calculate k(t).
4
Let t(j) = -j**3 + 2*j**2 + 4*j. Let c(z) = -2*z - 23. Let d be c(-13). Calculate t(d).
3
Let c(q) = -12*q**3 - 6*q**2 + 4*q - 3. Let p(r) = 11*r**3 + 5*r**2 - 3*r + 2. Let a(i) = 3*c(i) + 4*p(i). Give a(1).
9
Let p(d) = -4 + 3*d + 8*d**2 + 2 - 3*d**2 + d**3. Let v(t) = -t + 6. Let c be v(10). Let o = c - 0. Give p(o).
2
Suppose 4*a = d + 6, a - 6*a + 3*d = -4. Let s(q) = -q**2 + 3*q - 3. Give s(a).
-1
Suppose -21 = 3*u - 6. Let d(o) = -1. Let z(a) = 5*a - 1. Let c(h) = -4*h + 2. Let m(w) = 6*c(w) + 5*z(w). Let y(n) = -5*d(n) - m(n). What is y(u)?
3
Let z(b) = b**3 - b**